*k + 2. Let o(n) = 6*i(n) - 5*y(n). Give o(-2).
8
Let i be (0 - 0) + (-4)/2. Let h(j) = -j + 1. Let x = 22 + -21. Let k(p) = 7*p. Let r(o) = x*k(o) + 3*h(o). What is r(i)?
-5
Suppose -4*j + 28 = 4*c, -5*j + 1 + 18 = c. Let l(t) = -t**2 + 5*t + 2. Determine l(c).
6
Let z(o) be the first derivative of 9*o + 3 + 1/2*o**2. Let k be z(-10). Let h(f) = 6*f. Determine h(k).
-6
Let k(f) be the third derivative of -f**6/720 - f**5/60 + 11*f**4/24 + 17*f**2. Let c(j) be the second derivative of k(j). Determine c(5).
-7
Let r(s) = -5*s - 4. Let o be r(-3). Let g(h) = h**2 - 11*h + 10. Let v be g(o). Let x(c) = 5*c**2 + 8 - c - 3*c + v*c**3 - 9*c**3. Calculate x(-6).
-4
Let b(g) = -2*g + 7. Suppose -5*m + 10 = -3*m. Suppose 0 = m*l - 23 - 7. What is b(l)?
-5
Let y(v) = v**3 - 6*v**2 + 3*v + 9. Let x(l) = l**2 + 20*l + 5. Let c be x(-20). Determine y(c).
-1
Let r(a) = 17*a. Let o(z) = -528*z. Suppose 0 = -2*f + 6, 4*l - f + 0*f - 745 = 0. Let p(g) = l*r(g) + 6*o(g). Determine p(1).
11
Let v(y) be the third derivative of -y**4/8 + y**3/2 + y**2. Let q(h) = -h**2 + 5*h + 6. Let w be q(5). Suppose -2*s = l - 7, l - w*l + 2*s = -11. What is v(l)?
-6
Let w(b) = -b**2 + 13*b - 16. Suppose 2*m = c - 2*m + 5, 5*m = 3*c - 13. Determine w(c).
6
Suppose 5*l - l = 0. Suppose 12 = 2*p + 4. Let g(t) = -p*t + 2 + 1 + 3*t + 2. What is g(l)?
5
Let f be 1*(-2)/(1*-2). Suppose -3*h - f = -2*h. Let p(t) = 1 - 2*t - 3*t + 2*t**3 - t**2 + 10*t - 4*t. Determine p(h).
-3
Let j = -8 - -5. Let k(u) = 3*u**3 - 9*u**2 + 8*u - 2. Let g(d) = 5*d**3 - 14*d**2 + 12*d - 4. Let o(v) = -5*g(v) + 8*k(v). Determine o(j).
1
Let z(m) be the first derivative of m**3/3 + 4*m**2 + 5*m + 61. What is z(-10)?
25
Let v(j) = 8*j - 1. Suppose 5*p - 25 = 0, 2*h + 12 = -0*h + 2*p. Determine v(h).
-9
Let k(b) = -b**3 + 3*b**2 - 5*b + 4. Suppose -3*n = 9, 3*n + 6 = z + 4*n. Suppose 2*f - 33 = -z*f. Determine k(f).
-11
Suppose 2*m + 2*m - 4 = 0. Let n(y) = -4 + 10 + m - 6 - 13*y. What is n(-1)?
14
Let r(j) = j**3 - 4*j**2. Let b = 13 + -9. Suppose -q - 58 = -5*z, -1 = -0*z + z + b*q. Let s be z/3 + (-1)/(-3). Give r(s).
0
Let o(a) be the second derivative of -5*a**3/6 + 7*a**2/2 + 32*a - 1. Give o(1).
2
Let q(g) = -g**3 + 4*g**2 - g. Let b be q(2). Let r be b/(-4)*(-40)/15. Let u(v) = -r*v**2 + 7 + 0*v - 8 - 6*v + 5*v**2. Calculate u(5).
-6
Let s(l) = -2*l**2 + 2*l. Let h = 3 - 4. Let c = 2 - h. Suppose 3*q + 6 = -5*w, 18 = 6*q - 3*q - c*w. Calculate s(q).
-12
Let i(t) = 2*t**2 - t + 1. Let x(n) = 14*n**2 + 3*n - 3. Let c(d) = -6*i(d) + x(d). Determine c(-5).
-4
Let d(h) = 4*h - 50 + 78 + h**2 - 35. Give d(-6).
5
Let s = -9 - -14. Let q = s - 3. Suppose 0 = -3*t - 2*t - 5*h + 20, 5*t - 8 = -q*h. Let g(r) = -r**2 - r + 10. Give g(t).
10
Suppose 3*k - 24 = -3. Let f(c) = -2*c + 3. Let u be f(-3). Let y(i) = -u + k*i - 12*i + 2*i. What is y(-6)?
9
Let h(o) = 15*o - 2*o**2 + 4*o + 3 - 37*o + 15*o. Give h(-3).
-6
Suppose 37*g - 34*g = -21. Let o(f) = -f - 1. Calculate o(g).
6
Let t = 3 - -15. Suppose k = 3*s, 3*k + 4*s = 34 + t. Let d(z) = 46*z - k - 47*z + 4. What is d(-6)?
-2
Let z(u) = -6*u + 38. Let q be z(6). Let o(i) = -4*i**3 - 2*i**2 + i - 2. Let g(r) = 3*r**3 + r**2 - r + 2. Let v(b) = -3*g(b) - 2*o(b). What is v(q)?
-4
Let z(l) = l**2 - 13*l + 25. Let c be z(10). Let n = -8 - c. Let i(u) = 2*u**2 + 15*u - 11. Let x(w) = -w**2 - 7*w + 5. Let r(t) = -6*i(t) - 13*x(t). Give r(n).
7
Let n(q) = -q**2 - 9*q + 4. Suppose v - 927 = -937. What is n(v)?
-6
Let l(n) = 8*n + 18*n + 11*n - 18*n + n. What is l(2)?
40
Suppose 5*c - 38 + 9 = -y, -c - 3*y + 17 = 0. Let q(a) = -a**2 + 10*a - 20. What is q(c)?
5
Let v(o) = -3*o + 136*o**2 - 41 + 8*o - 143*o**2 - o**3 + 35. Calculate v(-7).
-41
Let j(c) = -c**3 + 4*c**2 - 5*c + 2. Let p(w) = 2*w**3 - 8*w**2 + 4. Let q be p(4). Calculate j(q).
-18
Suppose 3*t + 19 = -4*j, 5*t + 3 + 14 = -3*j. Let n(q) = -4*q - 8. What is n(j)?
8
Let a(i) = i**3 + 6*i**2 + i - 6. Suppose -2*f - 25 = -31. Suppose c + 0*h = -f*h + 10, -5*c = -5*h + 50. Calculate a(c).
14
Let u(c) = 2*c**2 - 96*c - 13 + 45*c + 35*c - 3*c**2. What is u(-15)?
2
Let z(h) = h**2 - 14*h - 2. Let q(f) = -f**2 + 56*f - 546. Let d be q(43). Give z(d).
-15
Let v = 9 + -19. Suppose 2*z = 4*w - 14, 0 = -2*w + w + z + 2. Let r = w + v. Let o(s) = -s - 7. Calculate o(r).
-2
Let l(n) = -2*n + 2. Let c(v) be the third derivative of -v**3/6 + 6*v**2. Let w(h) = 4*c(h) + l(h). What is w(3)?
-8
Let r(l) = 128*l - 124*l - 5*l - l**2. Determine r(1).
-2
Let y(z) = z**2 - 9*z + 4. Let q be y(6). Let u(p) = -p**3 - 14*p**2 - 3*p - 19. Calculate u(q).
23
Let q(a) = a. Let d be q(-3). Let z(x) be the second derivative of x**3/3 + x**2 - 5*x - 143. Give z(d).
-4
Let f = -33 - -36. Let l(j) = -5 + 3 + f - 2*j**2 + j**2. Calculate l(-1).
0
Let c be (-3)/(1 + (-2)/(-4)). Let d(n) = 0 + 3*n - 3 + 1 + 3. Give d(c).
-5
Let c = 708 + -713. Let z(w) = -w**3 - 5*w**2 + 3*w + 20. What is z(c)?
5
Suppose 74 = 2*g + 2*u, g + 108 = 4*g + 4*u. Suppose m = -4*m - g. Let x(a) = -a**2 - 6*a + 8. Calculate x(m).
-8
Let x(f) be the first derivative of -f**3/3 - 6*f**2 + 7*f - 50. Let g(y) = -y**2 - y. Let n(b) = -2*g(b) + x(b). Calculate n(10).
7
Let o(q) be the third derivative of q**3/6 - 4*q**2. Let p = 102 - 101. Let u(w) = w + 6. Let z(n) = p*u(n) - 2*o(n). Give z(-3).
1
Let o(r) = -r + 7. Let l(n) = 1. Let f(j) = -6*l(j) + o(j). Let k = -34 + 38. Suppose 12 = k*h + 4*z, -4*h - 2*z = -3*z - 12. Calculate f(h).
-2
Suppose -39 = q - 4*z - 47, z = 3*q - 13. Let a(g) be the second derivative of -g**3/6 + g**2/2 - g. Determine a(q).
-3
Let q(b) = -b - 14 + b - 6 + 2*b. What is q(14)?
8
Let t be (-24)/10 - (-2)/5. Let v be (-444)/(-45) - 1 - (-4)/30. Let w(g) = -5 + 6*g - v - 6 + 23. Calculate w(t).
-9
Suppose 0 = -6*r - 21 + 9. Let f(w) = -3*w**3 - 12*w**2 - 10*w - 6. Let z(v) = 13*v**3 + 48*v**2 + 39*v + 25. Let c(y) = r*z(y) - 9*f(y). Determine c(-11).
-7
Let j = 674 + -678. Let z(w) be the second derivative of w**5/20 + w**4/3 - w**2 + 5*w. Calculate z(j).
-2
Let s(c) be the second derivative of -c**4/12 - 2*c**3/3 + 4*c**2 - 151*c - 1. Calculate s(-5).
3
Let i = 20 + -22. Let z(f) = -2*f**2 - 2*f - 5. Let k(r) = -1. Let n(o) = 4*k(o) - z(o). Determine n(i).
5
Let w(n) be the third derivative of n**4/6 - 4*n**3/3 - 68*n**2 - 6*n. Calculate w(5).
12
Let j(b) = -b**3 - 6*b**2 + 8*b + 7. Suppose 3 = -u - 4. Let q be j(u). Let r(g) = 14*g - 7*g + 0 + q. Calculate r(-1).
-7
Suppose 67*t - 35 = 62*t. Let r(b) = b**3 - 7*b**2 + b - 6. Calculate r(t).
1
Let v(z) be the first derivative of z**3/3 - 9*z**2/2 + 4*z - 4381. Let n = 10 + -3. Suppose -r = -n - 1. Determine v(r).
-4
Let y(j) = 5 - 3 - 1 - 240*j + 237*j. Calculate y(-5).
16
Suppose 4*a + 0*a = 12. Suppose t - 1 = a. Let x(y) = -9*y + 0 + 3*y**2 + 3*y - t*y**2 + 9. Calculate x(-7).
2
Let f(c) = -28*c + 22. Let d(l) = 41*l - 21. Let k(i) = 2*d(i) + 3*f(i). Give k(16).
-8
Let m(s) = 2*s**2 + 2*s - 8. Let o(h) = 3*h**2 + 5*h - 15. Let b = 67 - 62. Let j(z) = b*m(z) - 3*o(z). Give j(4).
1
Let u(g) = -g + 2. Let n(p) = -3*p**3 + 14*p**2 - 5. Let k(v) = -16*v**3 + 71*v**2 - 25. Let x(o) = -2*k(o) + 11*n(o). Let a be x(12). Give u(a).
7
Suppose -9*x + 6*x + 18 = 0. Let t(p) = 8*p - 32. Let z(h) = 4*h - 15. Let b(l) = 4*t(l) - 9*z(l). What is b(x)?
-17
Let q(p) = 3*p**3 + 4*p**2 - 6*p + 7. Let m be q(2). Let r(i) = -70 + m - i + 34. Give r(-1).
0
Suppose k - 28 = -4*z, 13 = -z - k + 23. Let d(a) be the second derivative of a**3/6 + a**2 - a. Determine d(z).
8
Let a be (-4)/(-20) + 38/10. Suppose -a = h - 5. Let z(d) = 13*d**2 + d - 1. Give z(h).
13
Let q(r) be the second derivative of 11*r**4/12 - r**3/3 - r**2 - r + 129. Determine q(-1).
11
Suppose 3*y - 5*c + 12 = -3*c, -y - 4*c + 10 = 0. Let t be y*-2*(-3 + 10). Let f = 32 - t. Let s(n) = 4*n - 3. What is s(f)?
13
Let d(m) = m**2 + 8*m + 20. Let s(i) = -6*i**2 - 38*i - 101. Let h(j) = 11*d(j) + 2*s(j). Let q be 7/21 + (-38)/(-3). Calculate h(q).
5
Let x(h) = -h**3 + 2*h - 2. Suppose 10*v - 10 - 10 = 0. What is x(v)?
-6
Let g(v) be the second derivative of v**3/6 - 11*v**2 - 2*v - 2. Let h(d) = -d + 15. Let t(u) = -5*g(u) - 7*h(u). Give t(5).
15
Let l(w) = -w**2 - 3*w - 1. Let k(v) = -4*v**2 - 5*v - 6. Let n(h) = h**2 + h + 1. Let z(j) = k(j) + 5*n(j).